{"id":57,"date":"2016-07-05T00:56:22","date_gmt":"2016-07-05T03:56:22","guid":{"rendered":"https:\/\/tetraesquel.com\/tetra\/?page_id=57"},"modified":"2022-08-11T00:24:54","modified_gmt":"2022-08-11T03:24:54","slug":"la-carrera","status":"publish","type":"page","link":"https:\/\/tetraesquel.com\/tetra\/la-carrera\/","title":{"rendered":"La carrera"},"content":{"rendered":"<p>&nbsp;<\/p>\n<p><a href=\"https:\/\/tetraesquel.com\/tetra\/wp-content\/uploads\/2016\/07\/bici.jpg\" rel=\"attachment wp-att-53\"><img fetchpriority=\"high\" decoding=\"async\" class=\"alignnone size-large wp-image-53\" src=\"https:\/\/tetraesquel.com\/tetra\/wp-content\/uploads\/2016\/07\/bici-1024x567.jpg\" alt=\"bici\" width=\"1024\" height=\"567\" srcset=\"https:\/\/tetraesquel.com\/tetra\/wp-content\/uploads\/2016\/07\/bici-1024x567.jpg 1024w, https:\/\/tetraesquel.com\/tetra\/wp-content\/uploads\/2016\/07\/bici-600x332.jpg 600w, https:\/\/tetraesquel.com\/tetra\/wp-content\/uploads\/2016\/07\/bici-300x166.jpg 300w, https:\/\/tetraesquel.com\/tetra\/wp-content\/uploads\/2016\/07\/bici-768x425.jpg 768w, https:\/\/tetraesquel.com\/tetra\/wp-content\/uploads\/2016\/07\/bici.jpg 1600w\" sizes=\"(max-width: 1024px) 100vw, 1024px\" \/><\/a><\/p>\n<p>El <strong>Tetratl\u00f3n Douglas Berwyn<\/strong>, es una prueba atl\u00e9tica multidisciplinaria que se ha convertido a lo largo de los a\u00f1os, en un valioso tesoro local para la ciudad de Esquel y que atrae a cientos de corredores y espectadores cada a\u00f1o.<\/p>\n<p>Esta carrera, emplazada en un marco paisaj\u00edstico impactante, combina cuatro disciplinas t\u00edpicas de nuestra regi\u00f3n Andino Patag\u00f3nica: <strong>esqu\u00ed, mountain bike, kayak y running<\/strong>.<\/p>\n<p>Cada a\u00f1o puede verse a los competidores, incluso los mejores atletas, dejando en la carrera hasta sus \u00faltimas energ\u00edas, llegando a su limite, solo empujando sus cansados cuerpos hacia la l\u00ednea de meta.<\/p>\n<p>Este a\u00f1o cumple su <strong>vig\u00e9sima s\u00e9ptima edici\u00f3n<\/strong>!<\/p>\n<p><a href=\"https:\/\/tetraesquel.com\/tetra\/wp-content\/uploads\/2016\/07\/kayak.jpg\" rel=\"attachment wp-att-52\"><img decoding=\"async\" class=\"alignnone size-large wp-image-52\" src=\"https:\/\/tetraesquel.com\/tetra\/wp-content\/uploads\/2016\/07\/kayak-1024x567.jpg\" alt=\"kayak\" width=\"1024\" height=\"567\" srcset=\"https:\/\/tetraesquel.com\/tetra\/wp-content\/uploads\/2016\/07\/kayak-1024x567.jpg 1024w, https:\/\/tetraesquel.com\/tetra\/wp-content\/uploads\/2016\/07\/kayak-600x332.jpg 600w, https:\/\/tetraesquel.com\/tetra\/wp-content\/uploads\/2016\/07\/kayak-300x166.jpg 300w, https:\/\/tetraesquel.com\/tetra\/wp-content\/uploads\/2016\/07\/kayak-768x425.jpg 768w, https:\/\/tetraesquel.com\/tetra\/wp-content\/uploads\/2016\/07\/kayak.jpg 1600w\" sizes=\"(max-width: 1024px) 100vw, 1024px\" \/><\/a><\/p>\n<p>Esta prueba es organizada por el grupo de personas que conforman la <strong>Subcomisi\u00f3n de Carreras del Club Andino Esquel<\/strong>. Esta organizaci\u00f3n se caracteriza por el compromiso con el Desarrollo Deportivo, Social y Cultural de la regi\u00f3n, as\u00ed como tambi\u00e9n con el cuidado del Ambiente en el que se desarrollan nuestras actividades.<strong>\u00a0<\/strong><\/p>\n<p><strong>Circuito Largo<\/strong><\/p>\n<p>La carrera comienza con<strong> 9 kil\u00f3metros de esqu\u00ed\/snowboard<\/strong> por el centro de actividades de monta\u00f1a La Hoya. Contin\u00faa con <strong>37 kil\u00f3metros de mountain bike,<\/strong> en un recorrido que une La Hoya con la Laguna La Zeta, que incluye r\u00e1pidos descensos no exentos de peligros por las grandes velocidades que se alcanzan. En las aguas de la Laguna La Zeta se llevar\u00e1n a cabo los <strong>7 kil\u00f3metros de kayak <\/strong>y finalmente, se desarrollar\u00e1n los <strong>13 kil\u00f3metros de running<\/strong> por los alrededores de dicha Laguna.<\/p>\n<p><a href=\"https:\/\/tetraesquel.com\/tetra\/wp-content\/uploads\/2016\/07\/alejandra.jpg\" rel=\"attachment wp-att-103\"><img decoding=\"async\" class=\"alignnone size-full wp-image-103\" src=\"https:\/\/tetraesquel.com\/tetra\/wp-content\/uploads\/2016\/07\/alejandra.jpg\" alt=\"alejandra\" width=\"1000\" height=\"665\" srcset=\"https:\/\/tetraesquel.com\/tetra\/wp-content\/uploads\/2016\/07\/alejandra.jpg 1000w, https:\/\/tetraesquel.com\/tetra\/wp-content\/uploads\/2016\/07\/alejandra-600x399.jpg 600w, https:\/\/tetraesquel.com\/tetra\/wp-content\/uploads\/2016\/07\/alejandra-300x200.jpg 300w, https:\/\/tetraesquel.com\/tetra\/wp-content\/uploads\/2016\/07\/alejandra-768x511.jpg 768w\" sizes=\"(max-width: 1000px) 100vw, 1000px\" \/><\/a><\/p>\n<p><strong>Circuito Corto<\/strong><\/p>\n<p>La carrera comienza en la cota media del cerro (1.850 metros sobre el nivel del mar) con\u00a0un recorrido de <strong>6\u00a0kil\u00f3metros de esqu\u00ed\/snowboard<\/strong>\u00a0por el centro de actividades de monta\u00f1a La Hoya. Contin\u00faa con un recorrido de\u00a0<strong>24\u00a0kil\u00f3metros de mountain bike<\/strong>\u00a0que incluye caminos consolidados y senderos de dificultad media, uniendo La Hoya con la Laguna La Zeta. En las aguas de la Laguna La Zeta se llevar\u00e1n a cabo <strong>3,5\u00a0kil\u00f3metros de kayak<\/strong>\u00a0y finalmente, se desarrollar\u00e1n <strong>6\u00a0kil\u00f3metros de running<\/strong>\u00a0por los alrededores de los bosques comunales circundantes a la laguna.<\/p>\n<p><a href=\"https:\/\/tetraesquel.com\/tetra\/wp-content\/uploads\/2016\/07\/correr.jpg\" rel=\"attachment wp-att-105\"><img loading=\"lazy\" decoding=\"async\" class=\"alignnone size-full wp-image-105\" src=\"https:\/\/tetraesquel.com\/tetra\/wp-content\/uploads\/2016\/07\/correr.jpg\" alt=\"correr\" width=\"1000\" height=\"619\" srcset=\"https:\/\/tetraesquel.com\/tetra\/wp-content\/uploads\/2016\/07\/correr.jpg 1000w, https:\/\/tetraesquel.com\/tetra\/wp-content\/uploads\/2016\/07\/correr-600x371.jpg 600w, https:\/\/tetraesquel.com\/tetra\/wp-content\/uploads\/2016\/07\/correr-300x186.jpg 300w, https:\/\/tetraesquel.com\/tetra\/wp-content\/uploads\/2016\/07\/correr-768x475.jpg 768w\" sizes=\"(max-width: 1000px) 100vw, 1000px\" \/><\/a><\/p>\n<p><strong>Ambos circuitos<\/strong> del Tetratl\u00f3n Douglas Berwyn, se realiza en la modalidad <strong>\u201cNon stop\u201d<\/strong>. Esto significa que se toma el tiempo total desde la largada hasta que se cruza la meta final.<\/p>\n<p>Se puede participar de forma <strong>\u201cIndividual\u201d<\/strong>, o en la modalidad <strong>\u201cEquipo &#8211; Posta\u201d<\/strong>. Esta \u00faltima, podr\u00e1 ser conformada por 2, 3, 4 o 5 participantes y cada disciplina es realizada por uno solo de los integrantes (excepto en kayak, en la cual pueden participar hasta 2 integrantes). A dem\u00e1s, un competidor puede realizar mas de una disciplina.<\/p>\n<p><strong>\u00a0<\/strong><\/p>\n","protected":false},"excerpt":{"rendered":"<p>&nbsp; El Tetratl\u00f3n Douglas Berwyn, es una prueba atl\u00e9tica multidisciplinaria que se ha convertido a lo largo de los a\u00f1os, en un valioso tesoro local para la ciudad de Esquel y que atrae a cientos de corredores y espectadores cada a\u00f1o. Esta carrera, emplazada en un marco paisaj\u00edstico impactante, combina cuatro disciplinas t\u00edpicas de nuestra &#8230; <a title=\"La carrera\" class=\"read-more\" href=\"https:\/\/tetraesquel.com\/tetra\/la-carrera\/\" aria-label=\"Leer m\u00e1s sobre La carrera\">Leer m\u00e1s<\/a><\/p>\n","protected":false},"author":2,"featured_media":0,"parent":0,"menu_order":0,"comment_status":"closed","ping_status":"closed","template":"","meta":{"generate_page_header":"","iawp_total_views":643,"footnotes":""},"class_list":["post-57","page","type-page","status-publish"],"_links":{"self":[{"href":"https:\/\/tetraesquel.com\/tetra\/wp-json\/wp\/v2\/pages\/57","targetHints":{"allow":["GET"]}}],"collection":[{"href":"https:\/\/tetraesquel.com\/tetra\/wp-json\/wp\/v2\/pages"}],"about":[{"href":"https:\/\/tetraesquel.com\/tetra\/wp-json\/wp\/v2\/types\/page"}],"author":[{"embeddable":true,"href":"https:\/\/tetraesquel.com\/tetra\/wp-json\/wp\/v2\/users\/2"}],"replies":[{"embeddable":true,"href":"https:\/\/tetraesquel.com\/tetra\/wp-json\/wp\/v2\/comments?post=57"}],"version-history":[{"count":24,"href":"https:\/\/tetraesquel.com\/tetra\/wp-json\/wp\/v2\/pages\/57\/revisions"}],"predecessor-version":[{"id":1628,"href":"https:\/\/tetraesquel.com\/tetra\/wp-json\/wp\/v2\/pages\/57\/revisions\/1628"}],"wp:attachment":[{"href":"https:\/\/tetraesquel.com\/tetra\/wp-json\/wp\/v2\/media?parent=57"}],"curies":[{"name":"wp","href":"https:\/\/api.w.org\/{rel}","templated":true}]}}

<p>&nbsp;</p>
<p><a href="https://tetraesquel.com/tetra/wp-content/uploads/2016/07/bici.jpg" rel="attachment wp-att-53"><img fetchpriority="high" decoding="async" class="alignnone size-large wp-image-53" src="https://tetraesquel.com/tetra/wp-content/uploads/2016/07/bici-1024x567.jpg" alt="bici" width="1024" height="567" srcset="https://tetraesquel.com/tetra/wp-content/uploads/2016/07/bici-1024x567.jpg 1024w, https://tetraesquel.com/tetra/wp-content/uploads/2016/07/bici-600x332.jpg 600w, https://tetraesquel.com/tetra/wp-content/uploads/2016/07/bici-300x166.jpg 300w, https://tetraesquel.com/tetra/wp-content/uploads/2016/07/bici-768x425.jpg 768w, https://tetraesquel.com/tetra/wp-content/uploads/2016/07/bici.jpg 1600w" sizes="(max-width: 1024px) 100vw, 1024px" /></a></p>
<p>El <strong>Tetratlón Douglas Berwyn</strong>, es una prueba atlética multidisciplinaria que se ha convertido a lo largo de los años, en un valioso tesoro local para la ciudad de Esquel y que atrae a cientos de corredores y espectadores cada año.</p>
<p>Esta carrera, emplazada en un marco paisajístico impactante, combina cuatro disciplinas típicas de nuestra región Andino Patagónica: <strong>esquí, mountain bike, kayak y running</strong>.</p>
<p>Cada año puede verse a los competidores, incluso los mejores atletas, dejando en la carrera hasta sus últimas energías, llegando a su limite, solo empujando sus cansados cuerpos hacia la línea de meta.</p>
<p>Este año cumple su <strong>vigésima séptima edición</strong>!</p>
<p><a href="https://tetraesquel.com/tetra/wp-content/uploads/2016/07/kayak.jpg" rel="attachment wp-att-52"><img decoding="async" class="alignnone size-large wp-image-52" src="https://tetraesquel.com/tetra/wp-content/uploads/2016/07/kayak-1024x567.jpg" alt="kayak" width="1024" height="567" srcset="https://tetraesquel.com/tetra/wp-content/uploads/2016/07/kayak-1024x567.jpg 1024w, https://tetraesquel.com/tetra/wp-content/uploads/2016/07/kayak-600x332.jpg 600w, https://tetraesquel.com/tetra/wp-content/uploads/2016/07/kayak-300x166.jpg 300w, https://tetraesquel.com/tetra/wp-content/uploads/2016/07/kayak-768x425.jpg 768w, https://tetraesquel.com/tetra/wp-content/uploads/2016/07/kayak.jpg 1600w" sizes="(max-width: 1024px) 100vw, 1024px" /></a></p>
<p>Esta prueba es organizada por el grupo de personas que conforman la <strong>Subcomisión de Carreras del Club Andino Esquel</strong>. Esta organización se caracteriza por el compromiso con el Desarrollo Deportivo, Social y Cultural de la región, así como también con el cuidado del Ambiente en el que se desarrollan nuestras actividades.<strong> </strong></p>
<p><strong>Circuito Largo</strong></p>
<p>La carrera comienza con<strong> 9 kilómetros de esquí/snowboard</strong> por el centro de actividades de montaña La Hoya. Continúa con <strong>37 kilómetros de mountain bike,</strong> en un recorrido que une La Hoya con la Laguna La Zeta, que incluye rápidos descensos no exentos de peligros por las grandes velocidades que se alcanzan. En las aguas de la Laguna La Zeta se llevarán a cabo los <strong>7 kilómetros de kayak </strong>y finalmente, se desarrollarán los <strong>13 kilómetros de running</strong> por los alrededores de dicha Laguna.</p>
<p><a href="https://tetraesquel.com/tetra/wp-content/uploads/2016/07/alejandra.jpg" rel="attachment wp-att-103"><img decoding="async" class="alignnone size-full wp-image-103" src="https://tetraesquel.com/tetra/wp-content/uploads/2016/07/alejandra.jpg" alt="alejandra" width="1000" height="665" srcset="https://tetraesquel.com/tetra/wp-content/uploads/2016/07/alejandra.jpg 1000w, https://tetraesquel.com/tetra/wp-content/uploads/2016/07/alejandra-600x399.jpg 600w, https://tetraesquel.com/tetra/wp-content/uploads/2016/07/alejandra-300x200.jpg 300w, https://tetraesquel.com/tetra/wp-content/uploads/2016/07/alejandra-768x511.jpg 768w" sizes="(max-width: 1000px) 100vw, 1000px" /></a></p>
<p><strong>Circuito Corto</strong></p>
<p>La carrera comienza en la cota media del cerro (1.850 metros sobre el nivel del mar) con un recorrido de <strong>6 kilómetros de esquí/snowboard</strong> por el centro de actividades de montaña La Hoya. Continúa con un recorrido de <strong>24 kilómetros de mountain bike</strong> que incluye caminos consolidados y senderos de dificultad media, uniendo La Hoya con la Laguna La Zeta. En las aguas de la Laguna La Zeta se llevarán a cabo <strong>3,5 kilómetros de kayak</strong> y finalmente, se desarrollarán <strong>6 kilómetros de running</strong> por los alrededores de los bosques comunales circundantes a la laguna.</p>
<p><a href="https://tetraesquel.com/tetra/wp-content/uploads/2016/07/correr.jpg" rel="attachment wp-att-105"><img loading="lazy" decoding="async" class="alignnone size-full wp-image-105" src="https://tetraesquel.com/tetra/wp-content/uploads/2016/07/correr.jpg" alt="correr" width="1000" height="619" srcset="https://tetraesquel.com/tetra/wp-content/uploads/2016/07/correr.jpg 1000w, https://tetraesquel.com/tetra/wp-content/uploads/2016/07/correr-600x371.jpg 600w, https://tetraesquel.com/tetra/wp-content/uploads/2016/07/correr-300x186.jpg 300w, https://tetraesquel.com/tetra/wp-content/uploads/2016/07/correr-768x475.jpg 768w" sizes="(max-width: 1000px) 100vw, 1000px" /></a></p>
<p><strong>Ambos circuitos</strong> del Tetratlón Douglas Berwyn, se realiza en la modalidad <strong>“Non stop”</strong>. Esto significa que se toma el tiempo total desde la largada hasta que se cruza la meta final.</p>
<p>Se puede participar de forma <strong>“Individual”</strong>, o en la modalidad <strong>“Equipo &#8211; Posta”</strong>. Esta última, podrá ser conformada por 2, 3, 4 o 5 participantes y cada disciplina es realizada por uno solo de los integrantes (excepto en kayak, en la cual pueden participar hasta 2 integrantes). A demás, un competidor puede realizar mas de una disciplina.</p>
<p><strong> </strong></p>

<p>&nbsp; El Tetratlón Douglas Berwyn, es una prueba atlética multidisciplinaria que se ha convertido a lo largo de los años, en un valioso tesoro local para la ciudad de Esquel y que atrae a cientos de corredores y espectadores cada año. Esta carrera, emplazada en un marco paisajístico impactante, combina cuatro disciplinas típicas de nuestra &#8230; <a title="La carrera" class="read-more" href="https://tetraesquel.com/tetra/la-carrera/" aria-label="Leer más sobre La carrera">Leer más</a></p>
